hat is -103 + 131166?
131063
In base 10, what is 24365 + 0?
24365
In base 13, what is 2c + -91ab?
-917c
In base 4, what is -130 - -11211200?
11211010
In base 5, what is 1214113414 + 0?
1214113414
In base 15, what is 70613 + 0?
70613
In base 13, what is 0 - 14aa?
-14aa
In base 12, what is -11298 + 5?
-11293
In base 11, what is -4 + -159673?
-159677
In base 9, what is -31623 - 2?
-31625
In base 7, what is -2 - -43415?
43413
In base 15, what is 0 + -48457?
-48457
In base 14, what is -1420 + -15?
-1435
In base 4, what is 1233020 + -122?
1232232
In base 9, what is -1 + -216760?
-216761
In base 11, what is 361 - -31?
392
In base 15, what is 2 + -50d9?
-50d7
In base 9, what is 350013 + 3?
350016
In base 8, what is 3 + 456057?
456062
In base 5, what is 14 - 11322432?
-11322413
In base 11, what is 1672 - -11?
1683
In base 13, what is 3 - 1b50?
-1b4a
In base 8, what is 724 + -154?
550
In base 8, what is 0 + -51773?
-51773
In base 7, what is -11404 - -32?
-11342
In base 12, what is -2666 + 0?
-2666
In base 2, what is -110111111 + -10111010?
-1001111001
In base 14, what is -b - 970?
-97b
In base 15, what is -92e8a - -6?
-92e84
In base 12, what is -5985 + -357?
-6120
In base 13, what is 1 - aa6c?
-aa6b
In base 13, what is -5131b8 + 0?
-5131b8
In base 7, what is -203200 + 2?
-203165
In base 2, what is -1 - -10001101110011?
10001101110010
In base 7, what is 130654 + 2?
130656
In base 11, what is 93 + -353?
-270
In base 9, what is 3503 - -242?
3745
In base 15, what is -2 - -214cd6?
214cd4
In base 6, what is -51 + -5?
-100
In base 7, what is -126452 - 152?
-126634
In base 2, what is -100000101110 - -101001110011?
1001000101
In base 14, what is -231 - -93d?
70c
In base 15, what is -14ac - -4b?
-1461
In base 14, what is 214d + 4?
2153
In base 10, what is 3 + -160013?
-160010
In base 8, what is -2 + 2270?
2266
In base 10, what is 1 + -410952?
-410951
In base 3, what is -20 + -22212002?
-22212022
In base 9, what is -462776 + 3?
-462773
In base 15, what is 5bd5c + 2?
5bd5e
In base 11, what is 175 - -a3?
268
In base 14, what is 3a - -6941?
697b
In base 10, what is 130 + 16?
146
In base 12, what is 0 - -693?
693
In base 12, what is 253 - -50?
2a3
In base 8, what is -1 - 427360?
-427361
In base 9, what is 25 + -40256?
-40231
In base 2, what is 1001100101101 + 101?
1001100110010
In base 9, what is 30647 + 3?
30651
In base 2, what is -10111010000110110 + -101?
-10111010000111011
In base 8, what is -724 + -133?
-1057
In base 7, what is -11 + 16211?
16200
In base 4, what is 10222011 - -1?
10222012
In base 8, what is -476 + -5?
-503
In base 10, what is 3 + -17048?
-17045
In base 4, what is -12 - -33313103?
33313031
In base 5, what is 34 + 323034?
323123
In base 7, what is -4 + -32233?
-32240
In base 13, what is -8 + aa01?
a9c6
In base 6, what is 2 - -24505?
24511
In base 5, what is 13 - 13100?
-13032
In base 3, what is 102102 - 1011121?
-202012
In base 11, what is 13 + 5a6?
609
In base 6, what is 4115010 + 33?
4115043
In base 15, what is 3e74 - -11?
3e85
In base 11, what is 169 + -7221?
-7063
In base 7, what is -1 + -1111512?
-1111513
In base 2, what is -1100101110010101101 + -10?
-1100101110010101111
In base 12, what is -6234b - -b?
-62340
In base 12, what is 5a9b6 - 7?
5a9ab
In base 10, what is 1262 - 180?
1082
In base 13, what is -1326 - -50?
-12a6
In base 14, what is -a - -ab0?
aa4
In base 13, what is -181 + -94?
-245
In base 5, what is -10313213 - -100?
-10313113
In base 4, what is -111223 - 313?
-112202
In base 11, what is -a01 - 4?
-a05
In base 12, what is -80 - 163?
-223
In base 16, what is -7 + -208b3?
-208ba
In base 15, what is 6b - -4415?
4481
In base 2, what is 10 + 11001111001011?
11001111001101
In base 6, what is 255340 + -401?
254535
In base 6, what is 30045 - -32?
30121
In base 7, what is -441620 - 5?
-441625
In base 5, what is 442313243 + 0?
442313243
In base 15, what is 127573 - 1?
127572
In base 15, what is 2 + 145c4?
145c6
In base 7, what is -5000054 + 3?
-5000051
In base 7, what is -23163 - -620?
-22243
In base 2, what is 100010000100010111 - 11?
100010000100010100
In base 11, what is 0 + -87a3?
-87a3
In base 10, what is -15499 - -5?
-15494
In base 10, what is 2 + 11906?
11908
In base 4, what is 10 + -3302032?
-3302022
In base 6, what is -10142244 + 3?
-10142241
In base 13, what is aa190 + 9?
aa199
In base 3, what is -111221012 - 10?
-111221022
In base 6, what is -15 - 4304?
-4323
In base 16, what is 0 + 4c7?
4c7
In base 14, what is -15db66 + 2?
-15db64
In base 8, what is -16 + -16?
-34
In base 9, what is 12361 + 54?
12425
In base 12, what is 74b - -35?
784
In base 2, what is -1100111101 + -1000010?
-1101111111
In base 11, what is -4527 - 5?
-4531
In base 10, what is -2 + -88649?
-88651
In base 8, what is -3242 - 151?
-3413
In base 7, what is 6136 - -5105?
14244
In base 13, what is -4 + -85894?
-85898
In base 9, what is 300 + -68?
221
In base 7, what is -566 - 53?
-652
In base 16, what is 9a59c - 0?
9a59c
In base 7, what is -1545 + 24002?
22124
In base 13, what is 1 - -38a?
38b
In base 5, what is 331431 + -1121?
330310
In base 16, what is e - f38?
-f2a
In base 7, what is -3 - 252056?
-252062
In base 11, what is -4918 + -16?
-4933
In base 10, what is -41194 - 1?
-41195
In base 12, what is -5 + 535001?
534bb8
In base 12, what is -110 + 1394?
1284
In base 2, what is 10 - -1010010010100111111?
1010010010101000001
In base 11, what is 8414 - -33?
8447
In base 13, what is 5 + -2123?
-211b
In base 4, what is 110112222 - 1?
110112221
In base 3, what is -212011102 + 1111?
-212002221
In base 5, what is -3010100 - -2?
-3010043
In base 16, what is -1 - 3f809?
-3f80a
In base 3, what is 2022112010 + 0?
2022112010
In base 13, what is 5 + 1688?
1690
In base 14, what is c420 - -22?
c442
In base 11, what is -1952 - 53?
-19a5
In base 13, what is -30 + 1702?
16a2
In base 7, what is 53264144 + -5?
53264136
In base 15, what is -4 + -34661?
-34665
In base 14, what is -d0d + -12?
-d21
In base 5, what is -2 - -21031044?
21031042
In base 13, what is 2c40 + -5?
2c38
In base 9, what is -1 - 107126?
-107127
In base 16, what is 35d + -b0?
2ad
In base 5, what is 403 - 2442123?
-2441220
In base 14, what is -8c - -1369?
12bb
In base 15, what is 14819 - -2?
1481b
In base 7, what is 10462155 + -2?
10462153
In base 2, what is 10010010010110010101 - -101?
10010010010110011010
In base 5, what is 1043 + 2131100?
2132143
In base 6, what is -532 + 2400?
1424
In base 4, what is -112 + -11033000?
-11033112
In base 5, what is -3 - 114323313?
-114323321
In base 6, what is -2 - -1134402?
1134400
In base 2, what is -1100010010111 - 111?
-1100010011110
In base 11, what is 1 - 1046?
-1045
In base 2, what is 1011100110 + -111001?
1010101101
In base 14, what is -1c16 + -4d?
-1c65
In base 16, what is -69 + e5?
7c
In base 6, what is -113 + -204?
-321
In base 5, what is -12 + -2211044?
-2211111
In base 15, what is -1804 - 8?
-180c
In base 7, what is 1343 + 224?
1600
In base 5, what is 1034024 - 4?
1034020
In base 8, what is 32412 + -5?
32405
In base 13, what is c96 - -60?
1026
In base 9, what is -33 + -35432?
-35465
In base 9, what is 377 + -1315?
-827
In base 16, what is 366c9 + 0?
366c9
In base 11, what is -26 - a89?
-1004
In base 7, what is -3 - 1320103?
-1320106
In base 2, what is -111101001010101 - 110?
-111101001011011
In base 15, what is -a + -2096e?
-20979
In base 10, what is 138 - -697?
835
In base 3, what is 10112 + 20002?
100121
In base 11, what is 8 + -44268?
-44260
In base 16, what is 209 + 2f?
238
In base 16, what is -251d + -1?
-251e
In base 7, what is 1 + 6666153?
6666154
In base 3, what is 101122112 - 12?
101122100
In base 9, what is -658 - -3055?
2286
In base 9, what is 111 + -63?
37
In base 12, what is -7b + -8baa?
-9069
In base 10, what is -103 - -358?
255
In base 13, what is -206 + 66?
-170
In base 11, what is -438 + -5424?
-5861
In base 5, what is 34 - -10331413?
10332002
In base 12, what is 2 - -13b460?
13b462
In base 15, what is 7744 - -4?
7748
In base 5, what is 14 - 21120204?
-21120140
In base 12, what is 1853 - -835?
2488
In base 4, what is 2 - -333220?
333222
In base 12, what is -b2a + -37?
-b65
In base 7, what is -4252 + -41?
-4323
In base 16, what is -1b68c - -9?
-1b683
In base 10, what is 4 + -10810?
-10806
In base 10, what is 79169 + 3?
79172
In base 9, what is 5 - -258